the remainder when y(a) is divided by w?
20
Let i = -3902 - -3936. What is the remainder when 3869 is divided by i?
27
Suppose 10339 = -89*x + 153*x - 3613. What is the remainder when x is divided by 16?
10
Suppose 6*s = 779 + 991. Suppose 7*t = 13 + s. Calculate the remainder when t is divided by 3.
2
Suppose d - 7*n - 456 = -5*n, 2*n + 8 = 0. What is the remainder when d is divided by (-11720)/(-130) + (-4)/26?
88
Let p = 106 - 43. Suppose 24 - 3 = v - 1. What is the remainder when p is divided by v?
19
Suppose -18 = 9*b + 63. Let w be (b/6)/(1/26). Let c = 79 + w. Calculate the remainder when c is divided by 14.
12
Let f be 387 - 6/(-4)*(-64)/48. Let v = -358 + f. What is the remainder when 148 is divided by v?
13
Calculate the remainder when 847 is divided by (10 - -4 - 84)/((-3)/((-9)/(-6))).
7
Let q(l) = l**2 - 26*l + 69. Let t(g) = 3*g**2 - 79*g + 206. Let n(u) = 7*q(u) - 2*t(u). Calculate the remainder when 2 + -1 + 79*2 is divided by n(22).
24
Let o(p) = 8*p + 245. Let d = 252 + -282. What is the remainder when 58 is divided by o(d)?
3
Suppose -3 = -k, 6*k = 2*t + 2*k - 362. Let w = t + -58. What is the remainder when w is divided by 22?
19
Let r = -933 + 1356. What is the remainder when r is divided by 6?
3
Let k = 12044 - 11050. Calculate the remainder when 3002 is divided by k.
20
Let s(l) = 26*l - 368. Calculate the remainder when s(21) is divided by 64.
50
Let y(f) = 545*f - 13. Let a be (-18)/(-12) - ((-21)/6)/(-7). What is the remainder when y(a) is divided by 13?
12
Calculate the remainder when 228 is divided by (-146)/((-9)/(10 + -1)).
82
Let o(t) = -t**3 - t**2 + 2*t + 6. Let l be o(0). Suppose -l*m + 47 = -3*m - 4*s, -2*s + 8 = 0. Calculate the remainder when m is divided by 8.
5
Let q(g) = g**3 - 6*g**2 - 7*g - 3. Let i be q(9). Suppose -6*m + 555 = -i. What is the remainder when m is divided by 32?
26
Let u(y) = -135*y - 1308. What is the remainder when u(-10) is divided by 15?
12
Let n be 60/8*-3*64/(-9). Suppose 10*w = 6*w + n. Calculate the remainder when w is divided by 6.
4
Let r(z) = -2*z**2 + 4*z + 12. Let v be r(0). Suppose 4*c = -3*y + 59, -v*c + 8*c - 2*y = -62. What is the remainder when 23 is divided by c?
6
Suppose -74*n + 41*n = -330. Let s = 8 + -4. What is the remainder when n is divided by s?
2
Let s(t) = t**3 - 8*t**2 + 29*t + 5. What is the remainder when 242 is divided by s(8)?
5
Suppose 0 = -30*q + 393 - 33. Suppose w - 21 = -4*p + q, -w + 42 = -5*p. Let k(r) = -r + 5. What is the remainder when w is divided by k(0)?
2
Let j(t) = -t**2 + 4*t + 12. Let n be j(6). Let h(q) = 350 + n*q - q**3 - 13*q**2 - 373 + 5*q. Calculate the remainder when h(-14) is divided by 26.
25
Let a = 18 - 12. Let h be (2 - -12)*(2 + 0). Let p = 44 - h. Calculate the remainder when p is divided by a.
4
Suppose 2*r + 282 = 2*g, -4*g + 553 = 3*r - 4. Let j(o) = o**3 - 58*o**2 - 457*o + 154. Calculate the remainder when g is divided by j(65).
20
Suppose 34661 = 61*k - 50556. Calculate the remainder when k is divided by 20.
17
Suppose 0 = 5*o - 58 - 1087. Calculate the remainder when o is divided by (-32)/(-80)*(-920)/(-8).
45
Let l(d) be the second derivative of d**4/12 + d**3/3 + 6*d**2 - 75*d. Let m = 79 - 33. Calculate the remainder when m is divided by l(0).
10
What is the remainder when 377 is divided by 1348/15 - (399/45 - (26 + -17))?
17
Calculate the remainder when (1887/(-255) + (-1)/5)/(2/(-120)) is divided by 23.
19
Let n = -11834 - -11899. Calculate the remainder when 6952 is divided by n.
62
Let j = -1754 + 1803. What is the remainder when 405 is divided by j?
13
Let a(h) = -2*h + 150. Let n(d) = -6*d + 299. Let b(g) = 5*a(g) - 2*n(g). What is the remainder when b(-23) is divided by 6?
4
Let f(k) = -25*k + 50. Let r be f(-3). Let b = r - 66. Calculate the remainder when b is divided by 12.
11
Suppose 8*s - 24 = 232. Let b(a) = 3*a**2 - a - 5. Let r be b(3). Let q = r - -73. What is the remainder when q is divided by s?
28
Let d = 2178 + -2094. Calculate the remainder when 440 is divided by d.
20
Let f = 1460 + -364. Calculate the remainder when 1096 is divided by f.
0
Suppose 0 = 21*u - 25*u + 16. Suppose -u*f = -3*b - 7 + 37, 3*f = -2*b + 20. Suppose 288 - 1958 = -b*i. Calculate the remainder when i is divided by 17.
14
Suppose -16*h = -3*h. Suppose 2*c + 8 = h, 0 = -3*k - 6*c + 8*c + 110. What is the remainder when 59 is divided by k?
25
Let n = 5 + -6. Let t(v) = -5*v - 20. Let j(i) = i + 1. Let b(d) = n*t(d) - 4*j(d). Calculate the remainder when 76 is divided by b(-5).
10
Suppose 0 = -3*r + 4*d - 6*d + 135, 180 = 4*r + 5*d. What is the remainder when r is divided by 15?
0
Suppose -5*v = 631*n - 632*n + 162, -2*v - 183 = -n. Calculate the remainder when 531 is divided by n.
137
Suppose 12*v - 1153 - 923 = 0. Calculate the remainder when v is divided by 96.
77
Let g(o) = -o**2 + 23. Let j = 245 + -249. What is the remainder when 13 is divided by g(j)?
6
Let i be -7*(6 - 7) + -88. What is the remainder when 275 is divided by 1818/81 + (-6)/i*-6?
11
Suppose 103*p - 102794 = -31*p + 31*p. What is the remainder when p is divided by 111?
110
Let y = 93 - 70. Let d(r) = r**3 - 22*r**2 - 24*r + 36. Let c be d(y). Calculate the remainder when 44/(-10)*(-3 + 1 - c) is divided by 24.
18
Suppose 0 = -u - 5*g - 22 - 2, 5*g = -10. Let a = 26 - u. Suppose -5*v + a = 5*s, s - 9 - 11 = -4*v. Calculate the remainder when 15 is divided by s.
3
What is the remainder when (-10)/2*(3270/(-50) + 26) is divided by 33?
32
Let l(q) = q**2 - 37*q + 43. Let d be l(33). Let a = d - -96. What is the remainder when 19 is divided by a?
5
Suppose -4*k = -3*y - 7, 3*k = -4*y - k. What is the remainder when (-170)/((1 + 1)*y) is divided by 29?
27
Let b = 7 + -6. Let f = 449 + -439. Calculate the remainder when f is divided by b.
0
Let t(j) be the first derivative of j**4/2 - 17*j**3/3 - 3*j**2/2 - 20*j + 25. Calculate the remainder when 166 is divided by t(9).
30
Suppose 0 = 5*x - x - 3*z - 190, -x + 3*z + 52 = 0. Let v(k) = k**2 - 109*k - 4772. What is the remainder when v(-34) is divided by x?
44
Let i be 600/36 - 4/6. Suppose -i = 3*v + 5*v. Calculate the remainder when 91/(4 + -3 - 0/v) is divided by 31.
29
Let r = 48 - 18. Let d(c) = -c**2 - 27*c - 85. Calculate the remainder when d(-10) is divided by r.
25
Suppose -7*g - 21 = -35. What is the remainder when (g/8*-6)/((-3)/218) is divided by 25?
9
Let m = 4227 - 4189. Calculate the remainder when 117 is divided by m.
3
Suppose -w - 2531 = 5*j - 2632, -3*w + 5*j = -463. What is the remainder when 2943 is divided by w?
123
Suppose t = 5*p - 0*p - 10, 0 = -4*p + 4. What is the remainder when 4 + 0 + 1 - t is divided by 2?
0
Suppose 3*h - 3 = -4*q + 7*q, 5*h + q = -1. Suppose -2*j + 70 - 22 = h. Calculate the remainder when 116 is divided by j.
20
Let o = 11112 - 11095. What is the remainder when 4230 is divided by o?
14
Let f(s) = -19*s - 21. Let d(n) = -n**2 + 8*n + 1. Let i be d(9). What is the remainder when f(i) is divided by 12?
11
Suppose 229 = 4*r - 23. What is the remainder when 310 is divided by (5/2 + 2)*336/r?
22
Suppose -157 = -4*i - a, 2*a - 1 = 1. Let o(p) = -p**2 - 6*p - 9. Let u be o(-4). Calculate the remainder when i is divided by (3/u)/((-36)/96).
7
Suppose -5*v = -2*d + 43, 0 = 3*d + 5*v + 11 - 13. What is the remainder when 223 is divided by d?
7
Let f(s) = 30*s - 33*s - 9 + s**2 - 6. What is the remainder when 48 is divided by f(8)?
23
Suppose -4*o - 2*p + 2 = -8, -4*p = 4*o. Suppose -o*c + 5 = -415. Let j = 187 - c. Calculate the remainder when j is divided by 21.
19
Let v = -36008 - -39236. What is the remainder when v is divided by 39?
30
Let o(y) = -10*y - 6. Let d be o(3). Let w = d - -70. Let u = -418 - -587. What is the remainder when u is divided by w?
33
Let z be 4/7*(-14)/(-4). Let k be z/10*2 + (-2691)/65. Let s = -30 - k. Calculate the remainder when 16 is divided by s.
5
Let g = -1160 - -1201. What is the remainder when 135 is divided by g?
12
Let w = 80 + -58. Suppose -5*p = -w + 7. Calculate the remainder when 38 is divided by p.
2
Suppose -39*j + 12046 - 12821 + 35602 = 0. What is the remainder when j is divided by 36?
29
Let p(y) = 3*y - 56. Let k be p(28). Suppose 265 = -k*u + 993. What is the remainder when u is divided by (2 - -12)/(1/1)?
12
Calcula